
Let o(n) = -6*n**2 + n - 1. Let f(j) be the second derivative of 7*j**4/12 + 7*j. Let l(i) = 5*f(i) + 6*o(i). Calculate l(6).
-6
Let t(v) = 2*v - 2. Let p be t(6). Let b(s) = s - 22. Let y be b(p). Let n be 9/12 - 3/y. Let w(c) = -5*c**2 + 1. Calculate w(n).
-4
Let v(i) be the second derivative of i**3/3 - 15*i**2/2 + 8*i. Let z be v(6). Let k(s) = 2*s**2 + s - 2. Give k(z).
13
Let c(u) = u**2 + 5*u. Let f be c(-4). Let q = 25 - 18. Let l(n) = -2 - 2 + n + q. Determine l(f).
-1
Let z(s) = -s + 1. Let i be 9*-4*1/(-6). Let o be z(i). Let l(t) = -2*t - 5. Determine l(o).
5
Let w(l) = l**2 + 5*l + 3. Suppose 21*n + 12 = 19*n. Give w(n).
9
Suppose 0 = -5*k + 4*d + d + 10, -3 = 2*k + 5*d. Let b = 3 - k. Let c be -5 + 1 + (b - 2). Let q(r) = -r**3 - 4*r**2 + r + 2. Give q(c).
-2
Let y(g) = g + 6 + g - 4*g + 0*g. Suppose 3*i = 2*l + 10, -i + 12 = 3*l - 8*l. Let k be 5/l*(-1 + -1). Give y(k).
-4
Let t(s) be the third derivative of s**6/120 - s**5/30 - 5*s**4/24 + 2*s**3/3 - 28*s**2. Determine t(3).
-2
Let s(x) = x**2 + 1. Let b(r) = 4*r**2 + r + 13. Let v(l) = -b(l) + 5*s(l). Suppose i = -4*d - d - 25, -i - 4*d - 20 = 0. Calculate v(i).
-8
Let h(b) = 1. Let k(u) = -2*u + 4. Let z(w) = 5*h(w) - k(w). What is z(2)?
5
Let p be 6*(-2)/(-4) + 0. Let c(u) be the second derivative of -u**3/6 + 2*u. Give c(p).
-3
Suppose -q + 1 = 0, -5*f - q = -f + 19. Let u(x) = x**3 + 4*x**2 - 7*x - 7. Give u(f).
3
Let a = -11 + 15. Let o be (-8)/a*6/(-4). Let v(x) be the second derivative of -x**4/12 + x**3/6 + x**2/2 + x. What is v(o)?
-5
Let s(r) be the first derivative of r**4/2 - 2*r**3/3 - 3*r**2/2 + 2*r + 1. Let v = -4 - -5. Suppose 5*y - 11 = -v. Determine s(y).
4
Let b(q) = -5 + 0*q - 3*q + q + 3*q. Determine b(4).
-1
Let l(i) be the second derivative of -i**2 - 3*i + 1/20*i**5 - 1/2*i**4 + 0*i**3 + 0. Give l(6).
-2
Suppose 8*x = 4*x - 8. Let n(u) = -u - 4*u**2 - 1 + 2 + 0*u + 0*u. What is n(x)?
-13
Let f(l) = l**2 + 5*l + 5. Let n = 2 - 0. Suppose 0*m + m + 1 = -n*w, -5*w = 3*m + 5. Calculate f(m).
5
Let o(x) be the third derivative of x**7/168 - x**5/60 - x**4/24 + x**3/6 + 2*x**2. Let m(l) be the first derivative of o(l). What is m(-1)?
-4
Let v(w) be the second derivative of -w**4/12 + w**3/3 - w**2/2 + w. Suppose -16 = 4*y + 20. Let l be 3/y*12/(-2). What is v(l)?
-1
Suppose 2*m - 5*s = 5*m - 2, -3*m = s + 14. Let i(k) = k. Determine i(m).
-6
Let v be 1 - (-9 + 4)*1. Let a(f) = -f**3 + 7*f**2 - 7*f + 7. Calculate a(v).
1
Let u be 7*(0 - (-1)/7). Let v(t) = -3 + 3 - t - u - 1. What is v(-3)?
1
Let x = -3 + 5. Let u(k) = x*k + 12 - 9 + 2*k**2 - 5. Calculate u(-3).
10
Let c(p) = 4*p**2 - 2*p - 3*p + 6 - p**3 + 7*p. Determine c(5).
-9
Let w(a) be the third derivative of 0*a - 1/4*a**4 + 0 - a**3 - 1/60*a**5 + 3*a**2. Determine w(-5).
-1
Let t(c) = c**3 - c**2 + c + 1. Let b be (-64)/(-11) - 6/(-33). Suppose -p = -4*p + b. What is t(p)?
7
Suppose t = -2*t + 12. Let z = -1 + t. Let n(b) = -b - 1 - z*b**3 + 0*b**3 + b**2 + b**3. Calculate n(-1).
3
Let a(z) = -4*z - 5. Let u(s) = 5*s + 6. Let m(k) = 6*a(k) + 5*u(k). Give m(-6).
-6
Let b(q) be the first derivative of -1/30*q**5 + 0*q + 1/3*q**3 + 1 + 1/8*q**4 - 3/2*q**2. Let u(w) be the second derivative of b(w). What is u(3)?
-7
Suppose 9*l - 61 = -16. Let g(w) be the third derivative of 1/10*w**5 + w**2 - 5/24*w**4 + 2/3*w**3 + 0 - 1/120*w**6 + 0*w. What is g(l)?
4
Let u = -15 + 9. Let y(r) = -r**2 - 7*r + 7. Determine y(u).
13
Let k(a) be the second derivative of a**5/20 + a**4/4 + a**3/2 + 3*a. What is k(-2)?
-2
Let n(l) = l - 8. Let r be n(3). Let i(a) be the first derivative of 2*a**2 + 2*a**3 + 1 + 0*a + 1/4*a**4. Calculate i(r).
5
Let c(j) = -j - 2. Let d be c(3). Let a(g) = -g**3 - 6*g**2 - 5*g + 5. What is a(d)?
5
Let q = -23 - -18. Let w(i) = i**3 + 5*i**2 + i - 6. Give w(q).
-11
Let i(p) = -5*p + 6 + 7 - 12. What is i(-2)?
11
Suppose -2*n - 1 = -5. Suppose 0 = -3*a + 8 - n. Let d(o) be the first derivative of 3*o**2/2 + o - 1. Determine d(a).
7
Let b = -7 - -10. Suppose -3*f = b - 6. Suppose 0 = 4*q, o + f = -2*q - 0. Let z(r) = 5*r**2 + r. Give z(o).
4
Suppose 3*b + 7 = 4*h, 3*h - 2*b = -h + 10. Let l(d) = 2*d - 6. What is l(h)?
2
Suppose -3*y + 24 - 3 = 0. Let m(v) = v**2 - 7*v. Calculate m(y).
0
Let d(x) = 3*x + 0*x + 0*x**2 - x**2 + 4. Let i = -22 + 27. Give d(i).
-6
Suppose -4*g = -2*g - 2. Let a(c) = -2 - 7*c + g - 5 - c**2. What is a(-6)?
0
Let q(y) = -y**2 - 5*y + 3. Let f be q(-5). Let n(x) = 4*x**2 + 3*x**f + x**3 - 3*x**3 + 4*x + 3. Let g(r) = -2*r**2 + 8*r - 2. Let l be g(4). Give n(l).
3
Let m(b) be the first derivative of b**2 - 2*b + 3. Suppose -4*p - 5*v + 16 = -0, 3*v = -2*p + 8. Give m(p).
6
Let b(z) = -8*z**2 - 2*z - 3. Let k(d) = 39*d**2 + 11*d + 16. Let g(a) = 11*b(a) + 2*k(a). Suppose 0 = 13*w - 10*w + 3. Calculate g(w).
-11
Let q(z) = 5*z**2 + z - 1. Let i(u) = -u**2 - 3*u + 6. Let j be i(-5). Let x = j - -5. What is q(x)?
5
Let s(f) = f - 11. Let t = -14 + 19. Give s(t).
-6
Let r(m) = -m**2 + 9*m - 12. Let s be r(8). Let n = -4 - -8. Let x(p) = 0*p**2 + 2 + n*p + 5*p**2 - 4*p**3 + 5*p**3. Calculate x(s).
2
Let p(y) = 8*y + 2. Let v(m) = -16*m - 3. Let w(b) = -5*p(b) - 3*v(b). Suppose -6 = -2*a - 0. Suppose -3*c = 0, 0*c = -a*n - c - 3. Determine w(n).
-9
Let d(j) be the third derivative of -j**4/24 + j**3/2 - 4*j**2. Give d(-3).
6
Let l(f) be the first derivative of -3*f**2 + 4*f + 3. Let h(n) = 7*n - 5. Let d(y) = 5*h(y) + 6*l(y). What is d(-1)?
0
Let o(z) = z**3 + 6*z**2 + 6*z + 7. Let u(q) = -q + 7. Let r be u(4). Let b be 10/r*3/(-2). Give o(b).
2
Let o(v) = -3*v - 6 + 3 + 2*v. Let h(w) be the third derivative of -w**3/6 - w**2. Let m(j) = -h(j) + o(j). What is m(-4)?
2
Let l(c) = 2*c**2 - 1 - 3*c + 2*c - c**2 + 5*c. Determine l(-3).
-4
Let x(q) = 2*q**3 - 8*q**2 - 7*q + 9. Let k(a) = 3*a**3 - 12*a**2 - 11*a + 14. Let o(f) = -5*k(f) + 8*x(f). Calculate o(4).
-2
Let s(h) be the second derivative of -h**4/12 - h**3/6 + 2*h**2 + h. Let k = 66 - 69. Determine s(k).
-2
Let a(m) = -m + 1. Let r be a(5). Let t(c) = -c**3 - 3*c**2 + 2*c - 3. Give t(r).
5
Let d(y) = y**2 - 8*y + 8. Let k be d(8). Let s = -5 + k. Let r(v) = s*v**2 + 3 + 1 - 4 - 1 + v. Determine r(1).
3
Let t(l) = 8*l**2 - 2*l + 5. Let n(p) = 9*p**2 - 2*p + 6. Let o(m) = 5*n(m) - 6*t(m). Give o(2).
-8
Let o(q) be the first derivative of q**6/120 - q**5/20 - q**4/8 - q**3/6 + 3*q**2/2 - 4. Let a(t) be the second derivative of o(t). What is a(4)?
3
Let a(i) = -2 - 5*i + 11*i + 2. Calculate a(-1).
-6
Let i be (-2)/4*(7 + -15). Let h(m) = -m**2 + 5*m - 4. Give h(i).
0
Let u(s) = -2*s + 2 + 5 + 3*s + 2*s. Let p(y) = y + 1. Let i(f) = -6*p(f) + u(f). Calculate i(2).
-5
Suppose -5*w = 2*n - 2, -2*n = n + 12. Let z(f) = 6*f**2 - 4 + f**3 + 3*f**w - 5*f**2. What is z(-3)?
5
Let g(s) = -s**3 + 6*s**2 - 6*s + 4. Suppose -7*j = -3*j - 8. Let k be 7 + 4*(-1)/j. Calculate g(k).
-1
Let p = -5 + -1. Let o = -5 - -7. Let v(x) = -x - 3 + o - 2. Calculate v(p).
3
Let i(w) be the first derivative of 1 - 2*w**2 - 2*w - 1/4*w**4 + 2*w**3. Calculate i(5).
3
Suppose 3*t + 14 = 4*d, -4*t = 2*d + 2 + 2. Let f(x) be the first derivative of 2*x**2 - d*x + 3 + 2/3*x**3 - 1/4*x**4. Calculate f(3).
1
Let q = 10 - 1. Let l(u) = 13*u**3 + 28*u**2 + 5*u + 9. Let v(p) = 3*p**3 + 7*p**2 + p + 2. Let j(y) = q*v(y) - 2*l(y). Determine j(-7).
7
Let a(u) = -7*u**2. Suppose 0 = z + 4*f + 6 + 2, -5*z + 11 = 3*f. Suppose 3*b - z + 1 = 0. Calculate a(b).
-7
Let z = -7 + 0. Let i = z + 10. Let r(g) = 6 + g**3 - g + g**i - 3*g**3. Give r(0).
6
Suppose 0 = g + 4*s - 8, -2*s - 10 = 2*g + 2*g. Let f = -9 - g. Let o(r) = 5 - 5*r + r**2 - 3*r**2 + r**2. Determine o(f).
5
Let j be (0 + 0)/((-1)/1). Let q = j + -4. Let f(v) = v + 8. Calculate f(q).
4
Suppose 6 = -h - 0*h + 5*q, 0 = -3*h - 5*q + 22. Let x(m) = 0*m**2 - 3 + 0*m + h*m - m**2 + 0. Calculate x(5).
-8
Let i(g) = -14 + 7*g**2 + 2*g**3 - 3*g**3 - 3*g - 6*g**2 + 2*g. Give i(0).
-14
Let h(q) = -q + 5*q - 1 - 2*q. Let c(m) = m**2 + 3*m - 2. Let u = 0 + -3. Let f be c(u). Give h(f).
-5
Suppose -3*n = -0*n + 21. Let k(g) = -2*g - 8. Determine k(n).
6
Suppose 2*v - 14 + 4 = 0. Let q = 9 - 7. Let d(u) = 4*u**2 - 2*u - v*u**2 + 1 + q*u**2. What is d(2)?
1
Let y(a) = -a**3 + 13*a**2 - 10*a - 16. Let w = -94 - -106. Calc